{"id":80,"date":"2021-11-22T12:21:14","date_gmt":"2021-11-22T11:21:14","guid":{"rendered":"https:\/\/gitelamaisonduventoux.fr\/?page_id=80"},"modified":"2023-01-05T14:27:28","modified_gmt":"2023-01-05T13:27:28","slug":"activites","status":"publish","type":"page","link":"https:\/\/gitelamaisonduventoux.fr\/?page_id=80","title":{"rendered":"ACTIVIT\u00c9S"},"content":{"rendered":"\n<div class=\"wp-block-group\"><div class=\"wp-block-group__inner-container is-layout-flow wp-block-group-is-layout-flow\">\n<p>Id\u00e9alement situ\u00e9, notre g\u00eete offre un immense panel d&rsquo;activit\u00e9s \u00e0 moins d&rsquo;une heure de route pour d\u00e9couvrir tous les charmes de la Provence :<\/p>\n\n\n\n<figure class=\"wp-block-gallery has-nested-images columns-default is-cropped wp-block-gallery-1 is-layout-flex wp-block-gallery-is-layout-flex\">\n<figure class=\"wp-block-image size-large\"><img fetchpriority=\"high\" decoding=\"async\" width=\"1024\" height=\"683\" data-id=\"237\" src=\"https:\/\/gitelamaisonduventoux.fr\/wp-content\/uploads\/2022\/09\/burgundy-g502d237ac_1920-1024x683.jpg\" alt=\"\" class=\"wp-image-237\" srcset=\"https:\/\/gitelamaisonduventoux.fr\/wp-content\/uploads\/2022\/09\/burgundy-g502d237ac_1920-1024x683.jpg 1024w, https:\/\/gitelamaisonduventoux.fr\/wp-content\/uploads\/2022\/09\/burgundy-g502d237ac_1920-300x200.jpg 300w, https:\/\/gitelamaisonduventoux.fr\/wp-content\/uploads\/2022\/09\/burgundy-g502d237ac_1920-768x512.jpg 768w, https:\/\/gitelamaisonduventoux.fr\/wp-content\/uploads\/2022\/09\/burgundy-g502d237ac_1920-1536x1024.jpg 1536w, https:\/\/gitelamaisonduventoux.fr\/wp-content\/uploads\/2022\/09\/burgundy-g502d237ac_1920-1140x760.jpg 1140w, https:\/\/gitelamaisonduventoux.fr\/wp-content\/uploads\/2022\/09\/burgundy-g502d237ac_1920.jpg 1920w\" sizes=\"(max-width: 1024px) 100vw, 1024px\" \/><figcaption class=\"wp-element-caption\">Visites de Caves<\/figcaption><\/figure>\n\n\n\n<figure class=\"wp-block-image size-large\"><img decoding=\"async\" width=\"1024\" height=\"646\" data-id=\"238\" src=\"https:\/\/gitelamaisonduventoux.fr\/wp-content\/uploads\/2022\/09\/tomatoes-g37641e5ff_1920-1024x646.jpg\" alt=\"\" class=\"wp-image-238\" srcset=\"https:\/\/gitelamaisonduventoux.fr\/wp-content\/uploads\/2022\/09\/tomatoes-g37641e5ff_1920-1024x646.jpg 1024w, https:\/\/gitelamaisonduventoux.fr\/wp-content\/uploads\/2022\/09\/tomatoes-g37641e5ff_1920-300x189.jpg 300w, https:\/\/gitelamaisonduventoux.fr\/wp-content\/uploads\/2022\/09\/tomatoes-g37641e5ff_1920-768x484.jpg 768w, https:\/\/gitelamaisonduventoux.fr\/wp-content\/uploads\/2022\/09\/tomatoes-g37641e5ff_1920-1536x969.jpg 1536w, https:\/\/gitelamaisonduventoux.fr\/wp-content\/uploads\/2022\/09\/tomatoes-g37641e5ff_1920-1140x719.jpg 1140w, https:\/\/gitelamaisonduventoux.fr\/wp-content\/uploads\/2022\/09\/tomatoes-g37641e5ff_1920.jpg 1920w\" sizes=\"(max-width: 1024px) 100vw, 1024px\" \/><figcaption class=\"wp-element-caption\">March\u00e9s de Provence<\/figcaption><\/figure>\n\n\n\n<figure class=\"wp-block-image size-large\"><img decoding=\"async\" width=\"1024\" height=\"683\" data-id=\"239\" src=\"https:\/\/gitelamaisonduventoux.fr\/wp-content\/uploads\/2022\/09\/roman-theatre-of-orange-g378a82cc4_1920-1024x683.jpg\" alt=\"\" class=\"wp-image-239\" srcset=\"https:\/\/gitelamaisonduventoux.fr\/wp-content\/uploads\/2022\/09\/roman-theatre-of-orange-g378a82cc4_1920-1024x683.jpg 1024w, https:\/\/gitelamaisonduventoux.fr\/wp-content\/uploads\/2022\/09\/roman-theatre-of-orange-g378a82cc4_1920-300x200.jpg 300w, https:\/\/gitelamaisonduventoux.fr\/wp-content\/uploads\/2022\/09\/roman-theatre-of-orange-g378a82cc4_1920-768x512.jpg 768w, https:\/\/gitelamaisonduventoux.fr\/wp-content\/uploads\/2022\/09\/roman-theatre-of-orange-g378a82cc4_1920-1536x1024.jpg 1536w, https:\/\/gitelamaisonduventoux.fr\/wp-content\/uploads\/2022\/09\/roman-theatre-of-orange-g378a82cc4_1920-1140x760.jpg 1140w, https:\/\/gitelamaisonduventoux.fr\/wp-content\/uploads\/2022\/09\/roman-theatre-of-orange-g378a82cc4_1920.jpg 1920w\" sizes=\"(max-width: 1024px) 100vw, 1024px\" \/><figcaption class=\"wp-element-caption\">Th\u00e9\u00e2tre Antique d&rsquo;Orange<\/figcaption><\/figure>\n\n\n\n<figure class=\"wp-block-image size-large\"><img loading=\"lazy\" decoding=\"async\" width=\"1024\" height=\"768\" data-id=\"240\" src=\"https:\/\/gitelamaisonduventoux.fr\/wp-content\/uploads\/2022\/09\/avignon-g99c81e1fb_1920-1024x768.jpg\" alt=\"\" class=\"wp-image-240\" srcset=\"https:\/\/gitelamaisonduventoux.fr\/wp-content\/uploads\/2022\/09\/avignon-g99c81e1fb_1920-1024x768.jpg 1024w, https:\/\/gitelamaisonduventoux.fr\/wp-content\/uploads\/2022\/09\/avignon-g99c81e1fb_1920-300x225.jpg 300w, https:\/\/gitelamaisonduventoux.fr\/wp-content\/uploads\/2022\/09\/avignon-g99c81e1fb_1920-768x576.jpg 768w, https:\/\/gitelamaisonduventoux.fr\/wp-content\/uploads\/2022\/09\/avignon-g99c81e1fb_1920-1536x1152.jpg 1536w, https:\/\/gitelamaisonduventoux.fr\/wp-content\/uploads\/2022\/09\/avignon-g99c81e1fb_1920-1140x855.jpg 1140w, https:\/\/gitelamaisonduventoux.fr\/wp-content\/uploads\/2022\/09\/avignon-g99c81e1fb_1920.jpg 1920w\" sizes=\"(max-width: 1024px) 100vw, 1024px\" \/><figcaption class=\"wp-element-caption\">Palais des Papes en Avignon<\/figcaption><\/figure>\n\n\n\n<figure class=\"wp-block-image size-large\"><img loading=\"lazy\" decoding=\"async\" width=\"1024\" height=\"576\" data-id=\"241\" src=\"https:\/\/gitelamaisonduventoux.fr\/wp-content\/uploads\/2022\/09\/mont-ventoux-gb9bbf5a8b_1920-1024x576.jpg\" alt=\"\" class=\"wp-image-241\" srcset=\"https:\/\/gitelamaisonduventoux.fr\/wp-content\/uploads\/2022\/09\/mont-ventoux-gb9bbf5a8b_1920-1024x576.jpg 1024w, https:\/\/gitelamaisonduventoux.fr\/wp-content\/uploads\/2022\/09\/mont-ventoux-gb9bbf5a8b_1920-300x169.jpg 300w, https:\/\/gitelamaisonduventoux.fr\/wp-content\/uploads\/2022\/09\/mont-ventoux-gb9bbf5a8b_1920-768x432.jpg 768w, https:\/\/gitelamaisonduventoux.fr\/wp-content\/uploads\/2022\/09\/mont-ventoux-gb9bbf5a8b_1920-1536x864.jpg 1536w, https:\/\/gitelamaisonduventoux.fr\/wp-content\/uploads\/2022\/09\/mont-ventoux-gb9bbf5a8b_1920-1140x641.jpg 1140w, https:\/\/gitelamaisonduventoux.fr\/wp-content\/uploads\/2022\/09\/mont-ventoux-gb9bbf5a8b_1920.jpg 1920w\" sizes=\"(max-width: 1024px) 100vw, 1024px\" \/><figcaption class=\"wp-element-caption\">L&rsquo;ascension du Ventoux<\/figcaption><\/figure>\n\n\n\n<figure class=\"wp-block-image size-large\"><img loading=\"lazy\" decoding=\"async\" width=\"1024\" height=\"577\" data-id=\"242\" src=\"https:\/\/gitelamaisonduventoux.fr\/wp-content\/uploads\/2022\/09\/the-dentelles-de-montmirail-g7e83bb272_1920-1024x577.jpg\" alt=\"\" class=\"wp-image-242\" srcset=\"https:\/\/gitelamaisonduventoux.fr\/wp-content\/uploads\/2022\/09\/the-dentelles-de-montmirail-g7e83bb272_1920-1024x577.jpg 1024w, https:\/\/gitelamaisonduventoux.fr\/wp-content\/uploads\/2022\/09\/the-dentelles-de-montmirail-g7e83bb272_1920-300x169.jpg 300w, https:\/\/gitelamaisonduventoux.fr\/wp-content\/uploads\/2022\/09\/the-dentelles-de-montmirail-g7e83bb272_1920-768x432.jpg 768w, https:\/\/gitelamaisonduventoux.fr\/wp-content\/uploads\/2022\/09\/the-dentelles-de-montmirail-g7e83bb272_1920-1536x865.jpg 1536w, https:\/\/gitelamaisonduventoux.fr\/wp-content\/uploads\/2022\/09\/the-dentelles-de-montmirail-g7e83bb272_1920-1140x642.jpg 1140w, https:\/\/gitelamaisonduventoux.fr\/wp-content\/uploads\/2022\/09\/the-dentelles-de-montmirail-g7e83bb272_1920.jpg 1920w\" sizes=\"(max-width: 1024px) 100vw, 1024px\" \/><figcaption class=\"wp-element-caption\">Randonn\u00e9e dans les Dentelles de Montmirail<\/figcaption><\/figure>\n<\/figure>\n<\/div><\/div>\n\n\n\n<p>Et bien d&rsquo;autres encore&#8230;<\/p>\n\n\n\n<p><\/p>\n","protected":false},"excerpt":{"rendered":"<p>Id\u00e9alement situ\u00e9, notre g\u00eete offre un immense panel d&rsquo;activit\u00e9s \u00e0 moins d&rsquo;une heure de route pour d\u00e9couvrir tous les charmes de la Provence : Et bien d&rsquo;autres encore&#8230;<\/p>\n","protected":false},"author":1,"featured_media":0,"parent":0,"menu_order":0,"comment_status":"closed","ping_status":"closed","template":"","meta":{"footnotes":""},"class_list":["post-80","page","type-page","status-publish","hentry"],"_links":{"self":[{"href":"https:\/\/gitelamaisonduventoux.fr\/index.php?rest_route=\/wp\/v2\/pages\/80","targetHints":{"allow":["GET"]}}],"collection":[{"href":"https:\/\/gitelamaisonduventoux.fr\/index.php?rest_route=\/wp\/v2\/pages"}],"about":[{"href":"https:\/\/gitelamaisonduventoux.fr\/index.php?rest_route=\/wp\/v2\/types\/page"}],"author":[{"embeddable":true,"href":"https:\/\/gitelamaisonduventoux.fr\/index.php?rest_route=\/wp\/v2\/users\/1"}],"replies":[{"embeddable":true,"href":"https:\/\/gitelamaisonduventoux.fr\/index.php?rest_route=%2Fwp%2Fv2%2Fcomments&post=80"}],"version-history":[{"count":7,"href":"https:\/\/gitelamaisonduventoux.fr\/index.php?rest_route=\/wp\/v2\/pages\/80\/revisions"}],"predecessor-version":[{"id":300,"href":"https:\/\/gitelamaisonduventoux.fr\/index.php?rest_route=\/wp\/v2\/pages\/80\/revisions\/300"}],"wp:attachment":[{"href":"https:\/\/gitelamaisonduventoux.fr\/index.php?rest_route=%2Fwp%2Fv2%2Fmedia&parent=80"}],"curies":[{"name":"wp","href":"https:\/\/api.w.org\/{rel}","templated":true}]}}